{"id":10,"date":"2024-10-09T10:25:36","date_gmt":"2024-10-09T10:25:36","guid":{"rendered":"https:\/\/malseminar.ch\/?page_id=10"},"modified":"2025-01-23T18:08:15","modified_gmt":"2025-01-23T18:08:15","slug":"seminare","status":"publish","type":"page","link":"https:\/\/malseminar.ch\/?page_id=10","title":{"rendered":"Seminare"},"content":{"rendered":"\n<p>In unseren Seminaren, die in verschiedenen gem\u00fctlichen Ateliers im Raum Z\u00fcrich stattfinden, schaffen wir einen Raum, der Kreativit\u00e4t und pers\u00f6nliches Wachstum verbindet.<\/p>\n\n\n\n<p>Wir beginnen jedes Seminar mit einer herzlichen Begr\u00fcssungsrunde \u2013 hier lernen wir uns als Gruppe kennen und schaffen die Basis f\u00fcr Vertrauen und Offenheit. W\u00e4hrend des Seminars wechseln sich inspirierende Theorieinputs und gef\u00fchrte Imaginationen ab, die dich sanft in deinen kreativen Flow begleiten. Dann malen wir gemeinsam etwa 90\u2013120 Minuten. Es gibt vielf\u00e4ltige Malutensilien \u2013 du kannst ausprobieren, experimentieren und deiner Intuition folgen.<\/p>\n\n\n\n<p>Das Besondere: <strong>Jedes Seminar ist einzigartig<\/strong>, weil <strong>jeder Mensch einzigartig<\/strong> ist. Die Themenschwerpunkte entscheiden wir intuitiv kurz vor dem Seminar, ganz im Einklang mit der Gruppe und dem Moment.<\/p>\n\n\n\n<p>Zum Abschluss nehmen wir uns Zeit, um die entstandenen Bilder in der Gruppe zu besprechen. Das geschieht immer achtsam, wertsch\u00e4tzend und auf Augenh\u00f6he. Zwei erfahrene Leitende sind stets anwesend und sorgen daf\u00fcr, dass sich jede*r Teilnehmende wohl und gesehen f\u00fchlt.<\/p>\n\n\n\n<p>Lass dich ein, entdecke Neues in dir und geniesse ein paar Stunden in einer Atmosph\u00e4re, die inspiriert und n\u00e4hrt. Wir freuen uns darauf, dich kennenzulernen und gemeinsam zu malen!<\/p>\n\n\n\n<p><strong>Sei dabei \u2013 wir freuen uns auf dich!<\/strong><\/p>\n\n\n\n<div class=\"wp-block-buttons is-layout-flex wp-block-buttons-is-layout-flex\">\n<div class=\"wp-block-button\"><a class=\"wp-block-button__link wp-element-button\" href=\"https:\/\/malseminar.ch\/?page_id=54\">Anmelden<\/a><\/div>\n<\/div>\n\n\n\n<p><strong>Wann und Wo finden die n\u00e4chsten Seminare statt?<\/strong><\/p>\n\n\n\n<p>Unser n\u00e4chstes Seminare finden im Raum Z\u00fcrich statt am:<\/p>\n\n\n\n<p><strong>12. April<\/strong>: Seminar auf Deutsch<\/p>\n","protected":false},"excerpt":{"rendered":"<p>In unseren Seminaren, die in verschiedenen gem\u00fctlichen Ateliers im Raum Z\u00fcrich stattfinden, schaffen wir einen Raum, der Kreativit\u00e4t und pers\u00f6nliches Wachstum verbindet. Wir beginnen jedes Seminar mit einer herzlichen Begr\u00fcssungsrunde \u2013 hier lernen wir uns als Gruppe kennen und schaffen die Basis f\u00fcr Vertrauen und Offenheit. W\u00e4hrend des Seminars wechseln sich inspirierende Theorieinputs und gef\u00fchrte [&hellip;]<\/p>\n","protected":false},"author":1,"featured_media":0,"parent":0,"menu_order":0,"comment_status":"closed","ping_status":"closed","template":"","meta":{"footnotes":""},"class_list":["post-10","page","type-page","status-publish","hentry"],"_links":{"self":[{"href":"https:\/\/malseminar.ch\/index.php?rest_route=\/wp\/v2\/pages\/10","targetHints":{"allow":["GET"]}}],"collection":[{"href":"https:\/\/malseminar.ch\/index.php?rest_route=\/wp\/v2\/pages"}],"about":[{"href":"https:\/\/malseminar.ch\/index.php?rest_route=\/wp\/v2\/types\/page"}],"author":[{"embeddable":true,"href":"https:\/\/malseminar.ch\/index.php?rest_route=\/wp\/v2\/users\/1"}],"replies":[{"embeddable":true,"href":"https:\/\/malseminar.ch\/index.php?rest_route=%2Fwp%2Fv2%2Fcomments&post=10"}],"version-history":[{"count":10,"href":"https:\/\/malseminar.ch\/index.php?rest_route=\/wp\/v2\/pages\/10\/revisions"}],"predecessor-version":[{"id":76,"href":"https:\/\/malseminar.ch\/index.php?rest_route=\/wp\/v2\/pages\/10\/revisions\/76"}],"wp:attachment":[{"href":"https:\/\/malseminar.ch\/index.php?rest_route=%2Fwp%2Fv2%2Fmedia&parent=10"}],"curies":[{"name":"wp","href":"https:\/\/api.w.org\/{rel}","templated":true}]}}

<p>In unseren Seminaren, die in verschiedenen gemütlichen Ateliers im Raum Zürich stattfinden, schaffen wir einen Raum, der Kreativität und persönliches Wachstum verbindet.</p>



<p>Wir beginnen jedes Seminar mit einer herzlichen Begrüssungsrunde – hier lernen wir uns als Gruppe kennen und schaffen die Basis für Vertrauen und Offenheit. Während des Seminars wechseln sich inspirierende Theorieinputs und geführte Imaginationen ab, die dich sanft in deinen kreativen Flow begleiten. Dann malen wir gemeinsam etwa 90–120 Minuten. Es gibt vielfältige Malutensilien – du kannst ausprobieren, experimentieren und deiner Intuition folgen.</p>



<p>Das Besondere: <strong>Jedes Seminar ist einzigartig</strong>, weil <strong>jeder Mensch einzigartig</strong> ist. Die Themenschwerpunkte entscheiden wir intuitiv kurz vor dem Seminar, ganz im Einklang mit der Gruppe und dem Moment.</p>



<p>Zum Abschluss nehmen wir uns Zeit, um die entstandenen Bilder in der Gruppe zu besprechen. Das geschieht immer achtsam, wertschätzend und auf Augenhöhe. Zwei erfahrene Leitende sind stets anwesend und sorgen dafür, dass sich jede*r Teilnehmende wohl und gesehen fühlt.</p>



<p>Lass dich ein, entdecke Neues in dir und geniesse ein paar Stunden in einer Atmosphäre, die inspiriert und nährt. Wir freuen uns darauf, dich kennenzulernen und gemeinsam zu malen!</p>



<p><strong>Sei dabei – wir freuen uns auf dich!</strong></p>



<div class="wp-block-buttons is-layout-flex wp-block-buttons-is-layout-flex">
<div class="wp-block-button"><a class="wp-block-button__link wp-element-button" href="https://malseminar.ch/?page_id=54">Anmelden</a></div>
</div>



<p><strong>Wann und Wo finden die nächsten Seminare statt?</strong></p>



<p>Unser nächstes Seminare finden im Raum Zürich statt am:</p>



<p><strong>12. April</strong>: Seminar auf Deutsch</p>

<p>In unseren Seminaren, die in verschiedenen gemütlichen Ateliers im Raum Zürich stattfinden, schaffen wir einen Raum, der Kreativität und persönliches Wachstum verbindet. Wir beginnen jedes Seminar mit einer herzlichen Begrüssungsrunde – hier lernen wir uns als Gruppe kennen und schaffen die Basis für Vertrauen und Offenheit. Während des Seminars wechseln sich inspirierende Theorieinputs und geführte [&hellip;]</p>
