{"id":2,"date":"2016-05-10T03:48:21","date_gmt":"2016-05-10T03:48:21","guid":{"rendered":"https:\/\/malseminar.ch\/?page_id=2"},"modified":"2024-12-09T11:01:49","modified_gmt":"2024-12-09T11:01:49","slug":"home","status":"publish","type":"page","link":"https:\/\/malseminar.ch\/","title":{"rendered":"Home"},"content":{"rendered":"<p data-pm-slice=\"1 1 []\">\n<p data-pm-slice=\"1 1 []\">Entdecken Sie die Freude am Malen aus dem Unbewussten! In unserem Malseminar erwartet Sie eine entspannte und kreative Atmosph\u00e4re, die zum Experimentieren mit Farben und Formen einl\u00e4dt. Abseits vom Alltag k\u00f6nnen Sie Ihrer Fantasie freien Lauf lassen und sich selbst auf neue Weise begegnen. In einer unterst\u00fctzenden Gemeinschaft und umgeben von allem, was Sie zum Malen brauchen, schaffen Sie einen Raum f\u00fcr Selbstausdruck und pers\u00f6nliche Entfaltung. Lassen Sie sich inspirieren und erleben Sie, wie befreiend und wohltuend es sein kann, die eigene Kreativit\u00e4t zu entdecken.<\/p>\n\n\n<figure class=\"wp-block-gallery has-nested-images columns-default is-cropped wp-block-gallery-1 is-layout-flex wp-block-gallery-is-layout-flex\">\n<figure class=\"wp-block-image size-large\"><img loading=\"lazy\" decoding=\"async\" width=\"1024\" height=\"938\" data-id=\"42\" src=\"https:\/\/malseminar.ch\/wp-content\/uploads\/2024\/12\/Malseminar3-1024x938.jpeg\" alt=\"\" class=\"wp-image-42\" srcset=\"https:\/\/malseminar.ch\/wp-content\/uploads\/2024\/12\/Malseminar3-1024x938.jpeg 1024w, https:\/\/malseminar.ch\/wp-content\/uploads\/2024\/12\/Malseminar3-300x275.jpeg 300w, https:\/\/malseminar.ch\/wp-content\/uploads\/2024\/12\/Malseminar3-768x703.jpeg 768w, https:\/\/malseminar.ch\/wp-content\/uploads\/2024\/12\/Malseminar3-1536x1406.jpeg 1536w, https:\/\/malseminar.ch\/wp-content\/uploads\/2024\/12\/Malseminar3.jpeg 1600w\" sizes=\"auto, (max-width: 1024px) 100vw, 1024px\" \/><\/figure>\n\n\n\n<figure class=\"wp-block-image size-large\"><img loading=\"lazy\" decoding=\"async\" width=\"768\" height=\"1024\" data-id=\"37\" src=\"https:\/\/malseminar.ch\/wp-content\/uploads\/2024\/12\/Malseminar2-768x1024.jpeg\" alt=\"\" class=\"wp-image-37\" srcset=\"https:\/\/malseminar.ch\/wp-content\/uploads\/2024\/12\/Malseminar2-768x1024.jpeg 768w, https:\/\/malseminar.ch\/wp-content\/uploads\/2024\/12\/Malseminar2-225x300.jpeg 225w, https:\/\/malseminar.ch\/wp-content\/uploads\/2024\/12\/Malseminar2-1152x1536.jpeg 1152w, https:\/\/malseminar.ch\/wp-content\/uploads\/2024\/12\/Malseminar2.jpeg 1500w\" sizes=\"auto, (max-width: 768px) 100vw, 768px\" \/><\/figure>\n\n\n\n<figure class=\"wp-block-image size-large\"><img loading=\"lazy\" decoding=\"async\" width=\"768\" height=\"1024\" data-id=\"36\" src=\"https:\/\/malseminar.ch\/wp-content\/uploads\/2024\/12\/Malseminar1-768x1024.jpeg\" alt=\"\" class=\"wp-image-36\" srcset=\"https:\/\/malseminar.ch\/wp-content\/uploads\/2024\/12\/Malseminar1-768x1024.jpeg 768w, https:\/\/malseminar.ch\/wp-content\/uploads\/2024\/12\/Malseminar1-225x300.jpeg 225w, https:\/\/malseminar.ch\/wp-content\/uploads\/2024\/12\/Malseminar1-1152x1536.jpeg 1152w, https:\/\/malseminar.ch\/wp-content\/uploads\/2024\/12\/Malseminar1.jpeg 1500w\" sizes=\"auto, (max-width: 768px) 100vw, 768px\" \/><\/figure>\n<\/figure>\n","protected":false},"excerpt":{"rendered":"<p>Entdecken Sie die Freude am Malen aus dem Unbewussten! In unserem Malseminar erwartet Sie eine entspannte und kreative Atmosph\u00e4re, die zum Experimentieren mit Farben und Formen einl\u00e4dt. Abseits vom Alltag k\u00f6nnen Sie Ihrer Fantasie freien Lauf lassen und sich selbst auf neue Weise begegnen. In einer unterst\u00fctzenden Gemeinschaft und umgeben von allem, was Sie zum [&hellip;]<\/p>\n","protected":false},"author":1,"featured_media":0,"parent":0,"menu_order":0,"comment_status":"closed","ping_status":"closed","template":"","meta":{"footnotes":""},"class_list":["post-2","page","type-page","status-publish","hentry"],"_links":{"self":[{"href":"https:\/\/malseminar.ch\/index.php?rest_route=\/wp\/v2\/pages\/2","targetHints":{"allow":["GET"]}}],"collection":[{"href":"https:\/\/malseminar.ch\/index.php?rest_route=\/wp\/v2\/pages"}],"about":[{"href":"https:\/\/malseminar.ch\/index.php?rest_route=\/wp\/v2\/types\/page"}],"author":[{"embeddable":true,"href":"https:\/\/malseminar.ch\/index.php?rest_route=\/wp\/v2\/users\/1"}],"replies":[{"embeddable":true,"href":"https:\/\/malseminar.ch\/index.php?rest_route=%2Fwp%2Fv2%2Fcomments&post=2"}],"version-history":[{"count":11,"href":"https:\/\/malseminar.ch\/index.php?rest_route=\/wp\/v2\/pages\/2\/revisions"}],"predecessor-version":[{"id":44,"href":"https:\/\/malseminar.ch\/index.php?rest_route=\/wp\/v2\/pages\/2\/revisions\/44"}],"wp:attachment":[{"href":"https:\/\/malseminar.ch\/index.php?rest_route=%2Fwp%2Fv2%2Fmedia&parent=2"}],"curies":[{"name":"wp","href":"https:\/\/api.w.org\/{rel}","templated":true}]}}

<p data-pm-slice="1 1 []">
<p data-pm-slice="1 1 []">Entdecken Sie die Freude am Malen aus dem Unbewussten! In unserem Malseminar erwartet Sie eine entspannte und kreative Atmosphäre, die zum Experimentieren mit Farben und Formen einlädt. Abseits vom Alltag können Sie Ihrer Fantasie freien Lauf lassen und sich selbst auf neue Weise begegnen. In einer unterstützenden Gemeinschaft und umgeben von allem, was Sie zum Malen brauchen, schaffen Sie einen Raum für Selbstausdruck und persönliche Entfaltung. Lassen Sie sich inspirieren und erleben Sie, wie befreiend und wohltuend es sein kann, die eigene Kreativität zu entdecken.</p>


<figure class="wp-block-gallery has-nested-images columns-default is-cropped wp-block-gallery-1 is-layout-flex wp-block-gallery-is-layout-flex">
<figure class="wp-block-image size-large"><img loading="lazy" decoding="async" width="1024" height="938" data-id="42" src="https://malseminar.ch/wp-content/uploads/2024/12/Malseminar3-1024x938.jpeg" alt="" class="wp-image-42" srcset="https://malseminar.ch/wp-content/uploads/2024/12/Malseminar3-1024x938.jpeg 1024w, https://malseminar.ch/wp-content/uploads/2024/12/Malseminar3-300x275.jpeg 300w, https://malseminar.ch/wp-content/uploads/2024/12/Malseminar3-768x703.jpeg 768w, https://malseminar.ch/wp-content/uploads/2024/12/Malseminar3-1536x1406.jpeg 1536w, https://malseminar.ch/wp-content/uploads/2024/12/Malseminar3.jpeg 1600w" sizes="auto, (max-width: 1024px) 100vw, 1024px" /></figure>



<figure class="wp-block-image size-large"><img loading="lazy" decoding="async" width="768" height="1024" data-id="37" src="https://malseminar.ch/wp-content/uploads/2024/12/Malseminar2-768x1024.jpeg" alt="" class="wp-image-37" srcset="https://malseminar.ch/wp-content/uploads/2024/12/Malseminar2-768x1024.jpeg 768w, https://malseminar.ch/wp-content/uploads/2024/12/Malseminar2-225x300.jpeg 225w, https://malseminar.ch/wp-content/uploads/2024/12/Malseminar2-1152x1536.jpeg 1152w, https://malseminar.ch/wp-content/uploads/2024/12/Malseminar2.jpeg 1500w" sizes="auto, (max-width: 768px) 100vw, 768px" /></figure>



<figure class="wp-block-image size-large"><img loading="lazy" decoding="async" width="768" height="1024" data-id="36" src="https://malseminar.ch/wp-content/uploads/2024/12/Malseminar1-768x1024.jpeg" alt="" class="wp-image-36" srcset="https://malseminar.ch/wp-content/uploads/2024/12/Malseminar1-768x1024.jpeg 768w, https://malseminar.ch/wp-content/uploads/2024/12/Malseminar1-225x300.jpeg 225w, https://malseminar.ch/wp-content/uploads/2024/12/Malseminar1-1152x1536.jpeg 1152w, https://malseminar.ch/wp-content/uploads/2024/12/Malseminar1.jpeg 1500w" sizes="auto, (max-width: 768px) 100vw, 768px" /></figure>
</figure>

<p>Entdecken Sie die Freude am Malen aus dem Unbewussten! In unserem Malseminar erwartet Sie eine entspannte und kreative Atmosphäre, die zum Experimentieren mit Farben und Formen einlädt. Abseits vom Alltag können Sie Ihrer Fantasie freien Lauf lassen und sich selbst auf neue Weise begegnen. In einer unterstützenden Gemeinschaft und umgeben von allem, was Sie zum [&hellip;]</p>
